divided by 158?
66
Suppose -3 = 34*k - 35*k. Suppose 4*t + 4*q - 24 = 8, -4*q = k*t - 29. Suppose -6*r = 14 - 92. What is the remainder when r is divided by t?
1
Suppose -21*f + 262 = -389. Calculate the remainder when 116 is divided by f.
23
Let p(h) = -3*h + 2. Suppose -1306 - 1185 + 377 = -151*k. Calculate the remainder when p(-20) is divided by k.
6
Let n(l) = 11*l**2 - 85*l - 810. Calculate the remainder when 606 is divided by n(14).
138
Let s = 492 + -401. What is the remainder when s is divided by 4?
3
Suppose -233 - 75 = 11*w. Calculate the remainder when 41 is divided by w/(-252) + (-232)/(-18).
2
Let g(q) = -7*q**2 + 40*q + 3. Let y be g(5). What is the remainder when 37 is divided by 40/28*y/(-1 - -5)?
7
Let x(c) = -24*c - 44. Let z be x(-4). Suppose 55*w - 27 = z*w. Calculate the remainder when 22 is divided by w.
4
Let n(d) = 37*d**2 - 7*d - 21. Let t(j) = 13*j**2 - 3*j - 7. Let y(b) = 6*n(b) - 17*t(b). Let m = 16 + -9. What is the remainder when y(m) is divided by 27?
24
Suppose 5*v - 3900 = 5*n, 4*v - 4297 = 3*n - 1172. Calculate the remainder when v is divided by 188.
33
Suppose 116 - 26 = 5*k. Suppose 0 = -5*b - 2*w - 2*w + 19, 4*w + 11 = 5*b. Suppose -90 = b*h - 411. Calculate the remainder when h is divided by k.
17
Let x = 1304 - 1223. Suppose w - 82*p + x*p - 117 = 0, -470 = -4*w + 3*p. Let r = -19 + 31. Calculate the remainder when w is divided by r.
11
Let z = 2399 - 2343. Calculate the remainder when 117 is divided by z.
5
Let c(b) = 6*b**2 - 69*b + 137. Calculate the remainder when c(18) is divided by 42.
41
Let c(m) = 2*m**3 - 8*m**2 + 25*m - 36. Calculate the remainder when c(8) is divided by 173.
157
Suppose 130*z = 107*z + 8487. What is the remainder when z is divided by 126?
117
Let z(c) = 2*c**2 - 15. Let v be z(-7). Suppose 0 - 16 = -m. Let h = m + v. What is the remainder when h is divided by 34?
31
Let z = -1 - -6. Suppose 5*n + 57 = 5*v - v, -3*n - 55 = -z*v. Let c = 3 + v. What is the remainder when 18 is divided by c?
7
Let p = -149 - -323. Calculate the remainder when p is divided by 1 - (-6)/(-1) - -16.
9
Let m(g) = 5*g - 9. Let n(z) = -20*z - 6. Let o be n(-2). Suppose -10*y + o + 36 = 0. Calculate the remainder when m(y) is divided by 15.
11
Suppose -471*u = -464*u - 91. Calculate the remainder when 1349 is divided by u.
10
Let y = -1355 + 1450. Let x(c) = -c**3 - 10*c**2 + 9*c + 5. Calculate the remainder when y is divided by x(-11).
14
Suppose 0*l - 7*l = 2*l. Suppose -3*n + 82 = -5*t - l, -30 = -n + t. What is the remainder when 85 is divided by n?
17
Suppose -5*n + 102 + 98 = 0. Calculate the remainder when ((-32)/3 - -10)/(2/(-354)) is divided by n.
38
Suppose -4*i = 7*h - 11*h - 8, -12 = -3*h - 3*i. Suppose -662 = -39*j + h. Calculate the remainder when 52 is divided by j.
1
Let i = -3621 + 3959. Calculate the remainder when i is divided by 5.
3
Let s(z) = 10*z**2 - 16*z - 20. Let i be s(-8). Let u = i + -730. Calculate the remainder when u is divided by 11.
7
Let h(f) = -f**2 + 17*f + 35. Let a = 48 - 179. Let k = -71 - a. Calculate the remainder when k is divided by h(18).
9
Suppose -v = 2*d - 1352, 5*d + 2*v - 148 = 3230. Let h = 706 - d. What is the remainder when 186 is divided by h?
26
Calculate the remainder when 219/3 + 0 - 3 is divided by 2/10 - 1071/(-45).
22
Suppose 45*u - 51*u + 30 = 0. Suppose 3*n = h - 28, -h + n = u*n - 49. Calculate the remainder when 295 is divided by h.
36
Let d(l) = -2*l**3 + 47*l**2 - 177*l - 32. Suppose -3*h + 0 = -24. Suppose 5*f - h = 2. Calculate the remainder when d(5) is divided by f.
0
Calculate the remainder when (8/24)/((-5)/(-100980)) is divided by 13.
11
Let h(r) = -r**3 - 2*r**2 + 2. Suppose 3*x = -43 + 28. Let l = 68 - 48. What is the remainder when h(x) is divided by l?
17
Suppose -126*d + 5395 = -16*d - 1095. What is the remainder when d is divided by 46?
13
Let q(g) = -6*g - 16 - 3*g + 8*g + g**2. Calculate the remainder when 319 is divided by q(8).
39
Let u(v) = 2*v**3 - 161*v**2 - 246*v + 160. What is the remainder when u(82) is divided by 45?
25
Let f = 180 - 121. Suppose 2*r = -3*j - 3*r + f, -12 = -3*r. Calculate the remainder when j is divided by -1 + 1*(4 + 2).
3
Let u(s) = -2*s**3 + 33*s**2 + 101*s + 13. Calculate the remainder when u(19) is divided by 13.
10
Suppose 0 = 4*w + 90 - 182. Suppose 2*n + 3*a - 308 = 0, 5*a + 262 = 2*n - 62. What is the remainder when n is divided by w?
19
Let j(n) be the second derivative of -4*n**3/3 - 7*n**2 + 5*n - 1. Calculate the remainder when j(-4) is divided by ((-6 - -1)*2)/(-2).
3
Let l be (3*(-1)/6)/(2/(-20)). Calculate the remainder when l*56*(-3 - (-85)/25) is divided by 30.
22
Suppose m = 0, -4*j + j - 5*m + 12 = 0. Let i = 294 + -254. Suppose 4*h - i = -2*k, -4*h - j*k + 40 = -k. Calculate the remainder when h is divided by 6.
4
Suppose 118*r - 2241 = 1. Calculate the remainder when 985 is divided by r.
16
Let o(x) = -2*x + 139. What is the remainder when 29 is divided by o(69)?
0
Calculate the remainder when 401 is divided by 6/8*(-10 - (-2008)/4).
32
Suppose 17*s = -18*s - 0*s + 40180. What is the remainder when s is divided by 292?
272
Suppose -k = k - 22. What is the remainder when (((-4)/(-6))/((-4)/(-14)))/(3546/244674) is divided by k?
7
Suppose -53 - 19 = -18*f. Let w be 34 + 2*2/(-4). Suppose 6*n + w = 9*n. Calculate the remainder when n is divided by f.
3
Let m(d) be the first derivative of d**3/3 - 11*d**2/2 - 32*d + 25. Calculate the remainder when 106/4*2/1 is divided by m(15).
25
Let o be ((-738)/(-5))/((-42)/105). Let p = o + 378. What is the remainder when ((-106)/4)/(2/(-4)) is divided by p?
8
Suppose -12*r = 4*g - 7*r - 49, -2*g = 4*r - 32. Suppose -2*m - g = 0, 2*p + 2*m = 6*m + 244. Calculate the remainder when p is divided by 49.
18
Let x(s) = 7330*s**2 - 7331*s**2 + 17 + 30 - 23*s. Calculate the remainder when 200 is divided by x(-22).
62
Let h = -181 + 447. Calculate the remainder when h is divided by 18.
14
Suppose -4*g - 7*z + 6*z + 449 = 0, 0 = 5*g - 3*z - 574. Let w = 22 - -7. What is the remainder when g is divided by w?
26
Let n = 236 + -187. Suppose n*i - 64*i = -405. Calculate the remainder when 160 is divided by i.
25
Let h = 267 - 209. Let s = 1079 + -500. Calculate the remainder when s is divided by h.
57
Suppose -12*a - 4191 = -23*a. Calculate the remainder when a is divided by 16.
13
Suppose -32 = -6*k + 22. Suppose -5*u - 73 = -2*f, 0 = f - 2*u + 7*u - 29. What is the remainder when f is divided by k?
7
Let y be 8/(-12) + (-5)/(-3). Suppose 2*k = p + y, -2*k + 3*p = -0*k - 3. Suppose -40*f + 38*f + 102 = k. What is the remainder when f is divided by 27?
24
Suppose 4072 = 295*d - 66433. What is the remainder when 1197 is divided by d?
2
Suppose 2*q - 28 = -4*w, 3*q = -4*w + 2*q + 24. Suppose -5 = o - 2*l, -3*l + 4 = -5*o - 0*o. Calculate the remainder when w is divided by o.
0
Suppose 0 = -t - 5*f + 39, 84 = 5*t + f - 15. Suppose t*j - 240 = 425. What is the remainder when 313 is divided by j?
33
Suppose 0 = s - 45 + 11. Calculate the remainder when (2358/36)/(-1 - 1 - (-20)/8) is divided by s.
29
Let h(p) = -9*p + 464. What is the remainder when h(-9) is divided by 50?
45
Suppose -5 = 3*n + 3*l + 4, 5*l + 7 = 3*n. Let a be (n + -1 + 3)*-29. Let j = 1 - a. What is the remainder when j is divided by 8?
6
Let s = -1053 + 1718. Let c = 688 - s. Calculate the remainder when c is divided by 14.
9
Let l = -39450 - -39491. What is the remainder when 3019 is divided by l?
26
Let b(q) = 10*q**2 + 4*q - 4. What is the remainder when b(4) is divided by (-1721 - -1704)/((-32)/10 - -3)?
2
Let x(d) = d + 7. Let y be x(-5). Suppose 3*a + 477 = 4*q, -142 = -q - y*a - 9. Calculate the remainder when q is divided by 32.
27
Let h(z) = -z**2 + 20. Let g = -421 + 516. What is the remainder when g is divided by h(0)?
15
Calculate the remainder when 323 is divided by 4/(696/12366) + 50/(-725).
39
Let i(p) = 1 - 7 - 6 + p**2 + 7*p + 2*p. Let w be i(-5). What is the remainder when 42 is divided by 22 + w/(-18) + (-14)/(-63)?
18
Let r(k) = -21*k**2 + 226*k - 2. Calculate the remainder when r(9) is divided by 73.
39
Suppose 15935 + 200084 = 131*w. Calculate the remainder when w is divided by 66.
65
Suppose -2*x - 29 = -5*z, 36*z - 40*z + 31 = x. What is the remainder when 7726 is